 d be (8 + -6)/(4/2) + 2. Suppose 2*w + 19*x - 2710 = 15*x, w = -d*x + 1351. Is w prime?
False
Let g = 1638 - 975. Suppose -g = -3*u + 1995. Suppose u = 6*o - 1808. Is o a composite number?
False
Let t(g) = 204*g**2 + 871*g + 50. Is t(27) prime?
True
Let f(a) = 17 + 5 - 696*a - 985*a - 74*a - 2. Is f(-5) a prime number?
False
Is ((-102514)/(-5))/(168/420) composite?
False
Let z be ((-14)/4)/(2/4). Let j(h) = -1524*h - 2. Let d be j(z). Suppose 2*a - 4*a + d = 0. Is a composite?
False
Suppose -4*n = u + 14279, -9*n - 4*u - 14264 = -5*n. Is n/((11/(-22))/(3/6)) prime?
True
Suppose -9911*t = -9882*t - 1658249. Is t prime?
False
Let i(h) = 90*h**3 + 2*h**2 - 10*h + 193. Is i(8) composite?
True
Is 4/(-28) + 612425216/1792 composite?
True
Let m(j) = -21*j + 10. Let u = -4 + 4. Suppose 2*z - 5*z - 24 = u. Is m(z) a prime number?
False
Let j be (-9)/(-6) - (-31)/(-2). Let u be 8/(-28) + (-46)/j. Suppose u*c + 6*c - 30465 = 0. Is c a prime number?
False
Let t be -5*((-36)/(-15))/(-6). Let n(z) = 2*z**2 - z - 4. Let b be n(t). Suppose b*o = 27 + 1. Is o a prime number?
False
Let w(x) = 335*x**3 - 3*x**2 + 23*x + 21. Let i(b) = 168*b**3 - 2*b**2 + 11*b + 11. Let s(t) = -5*i(t) + 2*w(t). Is s(-4) a composite number?
True
Let a(i) = 62*i**3 - 5*i**2 - 9*i + 117. Is a(8) prime?
True
Let i(q) be the second derivative of -3*q**3/2 + 10*q. Let l be i(-1). Is (-1002)/(-6) + (-6)/l*-3 prime?
False
Suppose 0 = -13*w + w + 60. Suppose w*u + m - 606 = 0, -m = 3*u - 2*m - 370. Is u a composite number?
True
Let a = -220 - -332. Is 144962/18 - a/252 a prime number?
True
Suppose -2*k + 5*k = 5*v + 5, -v = 2*k + 1. Suppose 0 = -i + 12 - k. Suppose -a - 6303 = -i*a. Is a a composite number?
True
Suppose -5*o - 3*o + 50080 = 0. Let g be (0 - 3)*o/30. Let t = 525 - g. Is t a prime number?
True
Let t(r) = r**3 - r**2 - 2*r + 3. Let a be t(2). Suppose 5*d - a*w = 61706, -4*d + 41779 = w - 7596. Is d a prime number?
True
Let w = 112 + -85. Let p(t) = -41*t + w*t**2 + 55*t - 29*t - 7. Is p(-6) a prime number?
False
Let w = 281 - 280. Is (2 + w)*8816/48 a prime number?
False
Let j(f) = 6*f**2 + 5*f - 2. Let h be j(5). Let q = -202 + 44. Let x = h - q. Is x composite?
False
Suppose 5*r + 5 = 0, -q = 92*r - 88*r - 38409. Is q a prime number?
False
Let a(n) = -555*n**2 + n. Let w = 44 - 45. Let d be a(w). Let f = d - -1205. Is f composite?
True
Suppose -19381 + 107385 = 4*x. Suppose -3*k + 2*g + x = 0, -2*k + 5*k = 4*g + 22009. Is k a composite number?
False
Let s be 2*(-12)/10*45/(-36). Suppose -s*u = -0*u - 2829. Suppose -5 = -5*f, 5*f + 0*f + u = 4*b. Is b prime?
False
Suppose 9 - 4 = -x. Let s be x/(-1)*((-4)/5 - -3). Is (22 - s)/(1/67) composite?
True
Is (2 + 1 - 19/3)*(-4643952)/32 composite?
True
Suppose 47*g - 912 - 1156 = 0. Is 628342/g + 2/4 a prime number?
True
Let w(r) = -110*r**3 - 6*r**2 + 16*r + 26. Is w(-8) composite?
True
Let l be (6/(-12))/(116/40 - 3). Suppose 3*a + 141 = l*s + 6*a, 45 = s - 5*a. Is (s/24)/((-1)/(-652)) a composite number?
True
Suppose 4*o = -32 - 8. Let b = -4 - o. Suppose 0 = f + u - 1210, u = -u - b. Is f a prime number?
True
Suppose 40 + 79 = f. Let x = -69 + f. Let c = x - -95. Is c a composite number?
True
Let h(z) = 761*z - 4. Let v be 56/3*1/(2/6). Let q = v + -55. Is h(q) a composite number?
False
Let w be -6 - (-542)/(-4)*32. Let o = 7273 + w. Is o a composite number?
True
Let g = 233 + -229. Is g/6 - (-7 + (-14512)/12) composite?
False
Let c be (-2*(-2)/(-8))/((-4)/24). Is c/(-9) - (-31116)/9 a composite number?
False
Let l = -6397 - -11258. Suppose -50*r = -49*r - l. Is r prime?
True
Suppose 4*q - q = 189. Suppose q*n = 71*n - 19816. Is n a composite number?
False
Let u(v) = v**2 + 4. Let g be u(0). Let a be 37 - 6/(-2 + 0/g). Is (-471)/(-2)*a/12 a prime number?
False
Let s(t) = -124*t**2 - 8*t - 21. Let b be s(10). Let z = 7030 + b. Let j = z - -8528. Is j a composite number?
True
Let s = 59747 + 5456. Is s prime?
True
Let f = -219 - -223. Suppose -4*g - f*y = -14207 + 4631, 4*g - 4*y = 9584. Is g a composite number?
True
Let k = 196 - 192. Suppose k*t - 35403 = t. Is t a composite number?
False
Let h = 480534 - 262577. Is h a composite number?
True
Suppose 3*s = -2*c - 49, -3*s + 6*s - 3*c + 24 = 0. Let g = s - -15. Suppose x - 79 = l, -2*x - g*x + 306 = -2*l. Is x prime?
False
Let v(u) = u**3 - 4*u**2 + 18*u + 2. Let i be v(6). Suppose 92*s = 94*s - i. Suppose 43*o = 42*o + s. Is o composite?
True
Let h = -4141 - -9270. Is h a composite number?
True
Let q = 9048 - 5339. Suppose q = 5*h + j, 0 = 3*h - 6*j + 5*j - 2219. Let l = 1262 - h. Is l a prime number?
True
Suppose 6*t = 3*t + b - 2779, t + 4*b = -909. Let z be -5 + (-3)/(-1) - t. Let q = 200 + z. Is q a composite number?
False
Let u = 7 + 6. Suppose -43788 = n - u*n. Is n composite?
True
Let d(i) = 45*i**2 + 26*i - 26. Let a be d(1). Suppose a*n = 604346 - 172931. Is n composite?
False
Let k be (2 - 2878 - (-77 + 75))/(-3). Let y = 329 + -766. Let p = y + k. Is p prime?
True
Is 4/(-4)*(0 + 7 + (-110537 - -3)) composite?
False
Let r = -421 + 419. Is (10 + r - 7)*419 prime?
True
Let y be 1/((4 + -5)*1). Let c be 3 - y - (0 + -1). Suppose 0 = c*i + 2*l - 14681, -5*i + 3*l = 4*l - 14678. Is i prime?
False
Suppose 2*c = 2*x + 11871 + 6253, 4*c - 5*x = 36253. Suppose -c = 25*k - 28*k. Is k prime?
True
Let r = 1291686 - 847915. Is r prime?
True
Let l be 7 - -6 - ((-3)/(-15))/((-1)/(-5)). Let w = 7429 - -3815. Suppose l*h - w - 7488 = 0. Is h prime?
False
Suppose -7*w - 513 + 555 = 0. Suppose 7*i - 4*x - 22503 = w*i, i - 22535 = -4*x. Is i prime?
False
Let a(j) = -j**3 - 23*j**2 - 20*j + 46. Let y be a(-22). Suppose -2*u + 10116 = -0*d - 2*d, 0 = -4*u + y*d + 20234. Is u a composite number?
False
Let t = -27 + 29. Suppose -t*l = -12*l + 80. Suppose 0*s - 3016 = -l*s. Is s a composite number?
True
Let p be (-3)/(-18) + 1088920/48. Suppose 5*f + i - p = 0, 2*f - 9961 = 2*i - 889. Is f a composite number?
True
Let z = 142 + -143. Is (-2118 + 0 + z)*(-9 + 8) a composite number?
True
Suppose -5*g + 54 = 3*x, g = -5*x - g + 71. Is 43/2*x/(104/752) a composite number?
True
Suppose 0 = -2*z - 3*i + 2225, -2*z + 2*i + 936 = -1294. Suppose -z - 893 = -9*s. Is s prime?
True
Let z(y) = 4268*y**2 + 199*y + 616. Is z(-3) a prime number?
True
Let s(z) = z**2 - 10*z - 59 - 6*z + 91. Let d be s(14). Is (1813/(-28))/((-1)/d) a composite number?
True
Let t be ((-156)/24)/((-2)/4). Suppose 4*f = -3 - t. Let d(q) = -q**3 + q**2 - 2*q - 1. Is d(f) a composite number?
True
Let u be 5/(5/16) + 5. Let l(j) = -50*j**3 - u*j**3 + 13*j**3 - 31*j**3. Is l(-1) a prime number?
True
Let c(m) = 8 + m**3 + 12 + 13*m - 3 + 12*m**2. Let g be c(-11). Is (g/10)/((-1)/68) a composite number?
True
Let d = 224 + -221. Suppose o = d*u + 10663, -2*o + 5*o + 4*u = 31937. Is o composite?
False
Suppose -5*u - 14 = -w, u + 4*u + 5*w - 10 = 0. Let c(z) = -644*z - 625*z - 631*z + 159*z**2 + 1906*z + 7. Is c(u) prime?
True
Is (1/(-6))/(120/413640)*(-1108)/6 composite?
True
Let a(z) = -130 + 118 - 259*z + 68*z. Is a(-5) a composite number?
True
Let v(w) = 6074*w**2 + 19. Let c be (-7 - (-80)/12)*9. Is v(c) prime?
False
Suppose 298*z + 14 = 305*z. Suppose x - 903 = 2*h, z*x + 10*h - 1799 = 7*h. Is x prime?
False
Let z(w) = -w**2 + 17*w + 47. Let p be z(19). Let t(d) be the first derivative of 5*d**4/4 - 11*d**3/3 - d**2 + 5*d + 6. Is t(p) a prime number?
True
Suppose -3046023 = -52*c + 11232085. Is c a composite number?
False
Suppose 3*b - 6*b + 4*p = -3386, 5*p = -3*b + 3368. Suppose 0 = -9*w + 7*w + b. Is w prime?
True
Suppose 3*b - 52 = -25. Suppose -b*p + 36746 = -49051. Is p composite?
False
Is (-1 + (-60)/(-50))/((-2)/(-7156790)) a prime number?
True
Suppose 0 = 5*g + 5, 5*f - 16 = -5*g + 14. Suppose -f*l = -4*l + 13329. Is (-2)/(-12) - l/18 composite?
True
Suppose -2*c - 2*i = -1508364, c = -2*i + 903144 - 148967. Is c prime?
False
Let l = 4797 + 4804. Is l prime?
True
Suppose 22 = 3*w + 58. Let j(m) = 2*m**2 - 10*m - 41. Is j(w) composite?
False
Suppose -4*w = -593 + 569. Is w/(-2) - (-21 - 28889) a prime number?
False
Suppose 5*a - 190 = 15. Let u(q) = a*q + 3 - 10*q + 21*q. Is u(5) a composite number?
False
Suppose 5*v = -5*f + 1836840, -4*v = 2*f - 625906 - 108840. Is f a prime number?
False
Is 23 + (134538 - -4) - -16